pose 663 = 2*x + 3*o - 4*o, 1336 = 4*x - 4*o. Is x a prime number?
False
Let x(b) = -24*b + 15. Let g be 1/(80/(-76) + 1). Is x(g) composite?
True
Let r(x) = 2*x**2 - 6*x - 2. Let b be r(4). Suppose 7*n - b*n - 3073 = 0. Is n composite?
True
Let h(g) = -3*g**3 - g**2 - 3. Let q be h(-5). Suppose 3*w - 2*w - q = 0. Is w composite?
False
Suppose 3*h = 4*k + 16135, h + 5378 = 2*h - k. Is h prime?
False
Let t(y) = -65*y - 4*y - 28*y + 4*y + 1. Is t(-12) composite?
False
Let l = -3 - -11. Let f(s) = 12*s + 10*s + l*s + 3 + 12*s. Is f(3) a composite number?
True
Let n be 2/(-7) - 30/(-7). Suppose n*g = 24 - 8. Suppose g*l - 1880 = -0*w - 4*w, 0 = -5*l + w + 2332. Is l composite?
False
Let q = 1759 + -258. Is q a prime number?
False
Let y(z) = 6*z**2 - 6*z + 9. Let r be y(4). Suppose 52 + r = 7*j. Is j a prime number?
True
Let i be (-1)/(2/(-6)) - -2. Let a = 444 + -84. Suppose a = t - i*n - 15, -3*t - 5*n = -1205. Is t prime?
False
Let p = 1512 - 971. Is p prime?
True
Let i(u) be the first derivative of u**4/4 - 7*u**3/3 - 11*u + 28. Is i(8) a composite number?
False
Let x(n) = -6*n**3 - n**2 - 3*n - 1. Is x(-4) prime?
True
Suppose 306 - 2 = 2*z. Suppose 0 = 2*i - z - 154. Let j = i + 412. Is j prime?
False
Let p be ((-14)/7)/((-1)/3). Suppose 702 = p*l + 192. Is l a prime number?
False
Let g be (-14)/(-6) + (-9)/27. Let d(m) = -g - 14*m - 3 - m**2 + 2. Is d(-13) a composite number?
True
Let g = -76 - -1001. Suppose -5*c = -0*c - g. Is c a prime number?
False
Is (-30 + 31)/((-2)/(-70062)) a prime number?
False
Let k(u) be the third derivative of u**6/120 + 7*u**5/60 - 5*u**4/12 - 11*u**3/6 + 3*u**2. Let h be k(-8). Is 111 + (h - (1 - -2)) a composite number?
False
Suppose -v - 6 = -26. Suppose -4*h - 7*a = -3*a - v, -3*h - 3 = -3*a. Suppose 4*i = -8, 2*l - h*i = i + 296. Is l a composite number?
True
Let l(r) = 897*r + 12. Let g be l(2). Suppose -g = -0*y - 6*y. Is y composite?
True
Let n(c) = -c**3 - 16*c**2 + 10*c - 33. Let p(s) = s**3 + 13*s**2 + 15*s + 19. Let i be p(-12). Is n(i) a prime number?
False
Let h(p) = -p + 11. Let q be h(12). Let v = q + -3. Let m(c) = 2*c**2 + 5*c + 1. Is m(v) a prime number?
True
Suppose 8 = -2*h + 4*h. Suppose h*a - 534 = 1102. Is a prime?
True
Suppose 0 = 2*p - 692 + 60. Suppose -3*y = -2*s + 7 - 3, 5*s - 10 = -5*y. Suppose y*z = 2*z - p. Is z a composite number?
True
Let h(t) = -1196*t + 123. Is h(-29) prime?
True
Let s(f) = 3*f - 2*f - 16*f - 9 - 4*f. Let a(y) = -y**3 + 5*y**2 + 5*y + 2. Let d be a(6). Is s(d) a composite number?
False
Suppose -3*u - 5*v + 14824 = -17342, 0 = 5*u + v - 53588. Is u composite?
True
Let t = 604 - 963. Let b = t + 590. Suppose 0 = q + 5*a - 77, 0 = -3*q + 4*a + a + b. Is q a composite number?
True
Is (6 + -8 - -691)/(2 + -1) a prime number?
False
Let s = 8534 + -1195. Is s composite?
True
Let n(c) = 51*c + 2. Suppose 10 = -5*z + y, y - 2 = -0*z - 3*z. Let s be n(z). Let i = s - -86. Is i a prime number?
True
Let r(w) = -65*w - 8. Let k be (-13 - -10)*(-1 - 8/(-3)). Is r(k) a prime number?
True
Let l(z) = 3*z**2 - 15*z + 2. Let d be 12/(-21) + (-1326)/(-42). Let b = d + -19. Is l(b) composite?
True
Let b = 996 + -228. Let q = b + -547. Is q prime?
False
Let w = -849 + 1347. Suppose -w - 1605 = -3*c. Is c a composite number?
False
Let f be -906*-6*6/(-27). Let i = f - -261. Let t = -268 - i. Is t a composite number?
True
Let p be (2 - (2 + 1)) + 4. Let s(r) = -5 + 32*r + 0*r - 4*r. Is s(p) a composite number?
False
Let c(z) = 670*z - 53. Is c(7) composite?
False
Let u = -381 + 657. Let f = -65 + u. Is f a composite number?
False
Let r(a) = -5*a - 3. Let y(u) = 9*u + 5. Let z(o) = 7*r(o) + 4*y(o). Let c(l) = 23*l - 3. Let k(n) = c(n) - 2*z(n). Is k(4) a prime number?
True
Let n be (9/(-6))/(18/(-48)). Suppose -n = x, 5965 = f + x - 4*x. Is f prime?
True
Let z(h) = -3*h**3 + 3*h**2. Let l be z(2). Let s(m) = -52*m + 4. Let f be s(l). Suppose -3*w - w = -f. Is w a composite number?
False
Let g be -209 - -4*(-1)/(-2). Let c = g + 321. Suppose 20 = 2*n - c. Is n prime?
True
Is (-1 + 3778)*(-76)/(-228) a composite number?
False
Let m(r) = 5*r - 22. Let k be m(7). Suppose -j + 5*a - k = 0, -2*j + 0*a + a = -1. Is ((-1)/j)/((-1)/898) a composite number?
False
Suppose -2*q + 4 = -4*p - 0*q, -2*p + 4*q = 8. Suppose 2*v - 5*a = 1943, p = -3*v + a + 523 + 2411. Is v composite?
True
Let v(q) = q**2 - q + 5. Let y be v(0). Suppose 0 = -y*g - 10, -4*o + g - 942 + 3796 = 0. Is o a prime number?
False
Is 22 - 21 - -8983*4 a composite number?
False
Suppose -3 = -34*t + 35*t. Is 3/(-1) - (-2870 - (-1 + t)) a composite number?
True
Let n(x) = 58*x**3 - 15*x**2 - 9*x - 7. Is n(5) composite?
False
Let s = 320 - -8453. Is s composite?
True
Let g(i) = 25*i**2 + 10*i + 8. Let x be g(-5). Suppose c = -5*v - 4*c - 1555, 3*v + 4*c = -930. Let q = v + x. Is q a prime number?
True
Let o(a) = -a**2 - 4*a + 7. Let s be o(-5). Suppose 3*r = -s*j - 387 + 1971, -r - 3*j = -535. Is r prime?
False
Let o(j) = j**3 - 2*j + 1. Suppose 1 = 2*v - 1. Let g be o(v). Is (-9)/3 - (g - 266) composite?
False
Suppose -3*t = -5*t + 4*u + 938, -3*u = t - 464. Is t prime?
True
Let u(z) = 181*z**3 + 8*z**2 - 3*z + 4. Let s(m) = 181*m**3 + 7*m**2 - 3*m + 4. Let c(t) = 3*s(t) - 2*u(t). Is c(2) composite?
True
Let x(m) = 11 + m**3 - m - 5 - 3*m**2 - 1 - 3*m. Is x(6) composite?
False
Suppose c = -2*c + 21. Let v(u) = 11*u**2 - 6*u - 4. Is v(c) a prime number?
False
Is (-6)/(-12)*20257 - 1/(-2) prime?
False
Suppose 117*s - 611032 = 109*s. Is s a prime number?
True
Suppose 9017 = 3*y - 427. Suppose 0 = 4*n - 8*n + y. Is n a prime number?
True
Let x(p) = 2*p**2 + 10*p - 2. Let n be x(-3). Is (-3423)/n*(-8)/(-12) a composite number?
False
Suppose 0 = 6*m - 38 + 14. Suppose 459 = k + 4*l + 48, 0 = m*k - 5*l - 1560. Suppose -t = -6*t + k. Is t a composite number?
False
Let s = -34184 + 64783. Is s a prime number?
False
Suppose -4*x + 4*v - 2*v = -11714, -5 = -5*v. Is x prime?
False
Let v(g) = 3*g**2 + 35*g - 34. Let i be v(19). Let h = -1017 + i. Is h composite?
True
Let a(h) = -3*h**2 - 34*h + 13. Let k be a(-10). Suppose 0 = -5*t + 3*c + 12, 5*c + 7 + 13 = -2*t. Suppose 3*y - k - 580 = t. Is y prime?
True
Suppose -4*i - 4*d - 4 = 0, -d + 3 = 8. Is 2/i - ((-10972)/8 + 6) prime?
False
Let d(c) = -c + 12. Let z be d(7). Suppose z*o - 112 - 108 = 0. Suppose -o = -g + 49. Is g a composite number?
True
Let w(c) = 29*c**3 - 7*c**2 + 10*c + 5. Is w(8) a composite number?
True
Suppose 0 = -3*i - 8*p + 9*p + 3740, -3*i - 3*p = -3720. Suppose m = -4*m + i. Is m prime?
False
Let g(t) = -21 - 26*t - 3*t**2 + 6 + 21*t + 5*t**2. Is g(14) a prime number?
True
Let n(v) = 4210*v + 615. Is n(4) prime?
False
Suppose -c = 2*c - 5*l - 41, -4*l = -20. Let h = -20 + c. Suppose h*f = 3*w + 6*f - 401, -4*w = -3*f - 568. Is w prime?
True
Let m(g) = -g**2 - 4*g + 5. Let i be m(3). Let n = i - -101. Is n prime?
False
Let a = 16032 + -11197. Is a prime?
False
Suppose 22*l = 9*l + 5551. Is l composite?
True
Let m(h) = -h**2 - 5*h + 4. Let a be m(-5). Suppose u + u = -a. Is (u/(-4))/(4/296) a composite number?
False
Suppose -3 = 2*t - 2*r + 3, 3*t = -4*r - 23. Let k be 20*((-15)/12)/t. Suppose 4*c - k*i - 1003 = 0, -2*c + 0*c + 497 = -i. Is c a composite number?
True
Let q = -87189 + 139690. Is q a composite number?
False
Suppose 0 = 6*j - 5*j - 475. Suppose 5*p - j = -5*k, -p + 286 = 3*k + 3*p. Is k a prime number?
False
Let z be 384 - 0/(-1 - -4). Let n = 799 - z. Suppose -2*k = -3*k - 2*c + n, 3*k + 3*c = 1236. Is k a prime number?
True
Suppose 0*a = -a - 5*m + 36, 0 = -4*a - m + 125. Suppose -4*s + 4*j - 3 = -a, 2*s + 4*j = -16. Suppose s*f - 44 = -0*f. Is f composite?
True
Suppose 3*z - 33 = 3*f, -f + 2*z = 3*f + 52. Is 109 + 0 - f/(-5) composite?
True
Suppose 445262 = 4*p - 3*v, -24*p + 22*p - 2*v = -222638. Is p a composite number?
False
Let a = 4083 - 400. Is a a prime number?
False
Let p be 76/18 + (-10)/45. Is ((-14)/(-49) - (-6403)/7) + p a composite number?
False
Let h(i) = 2*i + 10. Let n be h(7). Let v = 28 - n. Suppose -v*k + 1486 = -3*a, -5*k + 2*a = -1105 - 756. Is k a composite number?
False
Let s(c) = c**2 + 10*c + 4. Let g be s(-10). Suppose g*z + 24580 = 4*f, 4*z = -2*f + 2*z + 12298. Is 8/28 + f/21 a prime number?
True
Suppose -8 - 8 = 4*j, -a + 4*